= -5*l + 4. Give h(q).
-6
Let u(l) = 4*l + 20. Suppose 3*n - 454 + 454 = 0. Give u(n).
20
Let c(o) = 1367 + 8*o + 4*o - o - 1358. Calculate c(-10).
-101
Let j(i) = -14*i + 89. Let u be j(6). Suppose -35 = 4*l + u. Let a(d) = d - 3. Give a(l).
-13
Let w(q) be the first derivative of 2*q - 85 - 9/2*q**2. Calculate w(-2).
20
Let f(k) = -4*k**2 + 2*k + 4. Let b(c) = -65 + 0*c**3 - 2*c + 0*c + 66 - 3*c**2 + 3*c**3. Let r be b(2). Suppose -37*x = -40*x + r. Calculate f(x).
-26
Let t(f) = -f**3 - 2*f**2 - f - 3. Let q(c) = 3*c**3 - 31*c**2 + 11*c - 12. Let s be q(10). Let d be t(s). Let i(h) = 10*h. Determine i(d).
-10
Let p(t) = t - 36. Let x be p(8). Let n be (-5)/(10/x) - (-1)/1. Suppose -37*z + n = -34*z. Let c(o) = o**3 - 6*o**2 + 4*o - 1. Calculate c(z).
-6
Let q(v) be the first derivative of -v**4/4 - 9*v**2 - 4*v + 1212. Determine q(0).
-4
Let o = 286 + -166. Let i(d) = d + 65*d**2 - o*d**2 + 68*d**2. Determine i(-1).
12
Let r be ((-161)/49 - -5) + (-2)/(-7). Let f(w) = -274 + w + 280 - 3*w - w**r. What is f(-3)?
3
Let p(m) = m**2 + 17*m - 3. Let y = 3193 - 3210. Give p(y).
-3
Let i = 12845 - 12851. Let f(y) = -y**2 - 9*y - 13. What is f(i)?
5
Let q(t) = 7 - 43*t - 9 - 12 + 17*t. Let n(j) = -22*j - 13. Let m(f) = -7*n(f) + 6*q(f). What is m(5)?
-3
Let c(r) = -4 + 2*r - r + 7. Let j(g) = g**3 - 22*g**2 + 24*g - 61. Let v be j(21). Suppose -4*k = -5*f - 0*k - 15, -v*k + 9 = -3*f. What is c(f)?
0
Let p = -31 - -24. Let s(c) = 4*c + 34. Let r be s(p). Let y = -9 + r. Let a(h) = -h**3 - 4*h**2 - h + 1. What is a(y)?
-5
Suppose 0 = -m + 5*o + 5, 0 = -2*m + 12*o - 13*o + 65. Let z = 75 + -40. Let w(s) = -7 + m*s + 6 - z*s. What is w(-2)?
9
Let b(g) = -6*g**2 - g. Let s(w) = -w**2 + w. Let p(y) = b(y) - 2*s(y). Suppose -26 = -114*r - 145 - 109. Give p(r).
-10
Let s be (-1)/(-4) - (-6)/(-24). Let i be s*(0 + 1/3). Let b(k) = i*k - k + 6*k. What is b(1)?
5
Let z(n) be the second derivative of n**4/2 + n**3/6 - n**2/2 + n. Let m = -373 - -386. Suppose -2*o - 3*j + 11 = 0, j + 10 - m = 0. Give z(o).
6
Let i(w) = w**3 - 7*w**2 + 10*w + 1. Let z be (2/4)/((-180)/(-1440)). Give i(z).
-7
Let q(d) be the first derivative of d**3/3 + 5*d**2 - 17*d + 1855. Calculate q(-11).
-6
Let c(y) = -44 + 6*y - 42 - 39 + 163 - 41 - 10*y. Suppose 6 = -2*v + 2. Calculate c(v).
5
Let h be ((-3)/(-1))/(3/9) - -1. Let n be (-10)/(-4)*(-16)/h. Let f(m) be the second derivative of -m**5/20 - m**4/3 - 5*m**3/6 + 2*m**2 - 3*m. Calculate f(n).
24
Let c(f) = -6*f - 184. Let h be c(-31). Let k(q) = -1 - 2*q + 4*q + 448*q**2 + 456*q**h - 10*q**3 - 906*q**2. What is k(1)?
-11
Suppose -q + 63 = -3*d, -2*q + 151 = d + 32. Let w be (q/(-14))/(10/(-35)). Let a(r) = -r**3 + 15*r**2 - r + 15. What is a(w)?
0
Let s(x) be the second derivative of x**4/12 - 4*x**3/3 - 17*x**2/2 - x. Let p be s(-5). Let o = 44 - p. Let k(c) = -c**3 - 3*c**2 + 2*c - 2. Calculate k(o).
6
Let f(d) be the third derivative of d**5/60 + d**4/6 + d**3/2 + 552*d**2. Let b be (-2)/19 - 4032/684. What is f(b)?
15
Let c(w) be the first derivative of 2*w**3/3 - w**2 + w - 37. Let u be c(-3). Let h(d) = d**2 + 2 - u*d - d**3 - 16*d + 39*d. Calculate h(2).
-6
Let r(y) = y**2 - 6*y - 9. Let h(j) = 30*j**3 - j**2 + 4*j. Let t be h(2). Let b be t/36 + ((-30)/(-27))/5. Determine r(b).
-2
Let z be (-42)/4 - (-49)/14 - (-20 - -5). Let h(y) = y**2 + 6*y - 107. Give h(z).
5
Let f(s) = -s**3 - 7*s**2 + 9*s - 4. Suppose -3*h - 120 = -13*h. Let w(g) = 2*g**2 - 21*g - 44. Let x be w(h). Calculate f(x).
-12
Suppose -2*z + 4*a = 2*z - 24, -2*z = -3*a - 17. Let g(y) = -y + 1 - y**2 + 3368*y**3 + 2*y**2 - 3373*y**3. Determine g(z).
-4
Let z(o) = -3*o + 5. Let u = 14 + 88. Let c = u - 97. Calculate z(c).
-10
Let m(v) be the second derivative of v**4/12 - 3*v**3 - 21*v**2/2 - 611*v. Give m(20).
19
Suppose -m - 3 - 1 = 2*g, -g + 12 = -3*m. Suppose -62*o + 57*o = -15. Let q(t) = t**o + 3982 - 3982 - t**2. What is q(g)?
0
Let r(d) = -d**3 - 7*d**2 + 15*d - 14. Suppose 0 = 4*x + f + 43, -5*x + 99*f = 101*f + 59. Calculate r(x).
13
Let d(a) be the third derivative of a**4/24 - 4*a**3 - 3*a**2 - 24. Determine d(-4).
-28
Suppose 304*s = 302*s + 32. Let d(f) = 2 + 52*f - s*f - 35*f. Determine d(-9).
-7
Let u(w) be the first derivative of w**3/6 + 3*w**2/2 - 129*w + 78. Let r(d) be the first derivative of u(d). Determine r(-2).
1
Let c(u) = -u**3 + 17*u**2 - 9. Suppose -93 + 83 = -5*o. Let b(l) = l**3 - 17*l**2 + 8. Let i(y) = o*c(y) + 3*b(y). Determine i(17).
6
Let n(c) = -335*c**3 + 3*c**2 + 4*c + 2. Let t be n(-1). Let o(k) = k + t - 176 - 159. What is o(3)?
4
Let h(m) = -95 + 4*m - 72 - 3 + 47 - 18. Give h(34).
-5
Let h(i) = -3*i**3 + 5*i**2 + 622*i + 7. Let l(p) = -p**3 + p**2 + 103*p + 1. Let v(n) = h(n) - 6*l(n). Calculate v(3).
85
Let s(i) = 3*i**3 - i**2 - 2*i - 2. Let k = 64 - 664. Let r = -601 - k. Give s(r).
-4
Let s be (-76)/(-10) + 108/(-180). Let z(i) = -9*i - i**2 + 11*i + 4*i - 1 + 5*i. Determine z(s).
27
Let o(v) = -v + 4. Suppose 5*b = -5*h - 5, -2*h + 16 = 2*h - b. Let d(s) = -s**3 - 3*s**2 - s - 3. Let g be d(-3). Suppose g = -5*n + 4*n - h. Give o(n).
7
Suppose 0 = 5*s - 4*b - 128 - 120, 5*s + b - 263 = 0. Let r = 36 - s. Let c be r/4 + 4 - 8. Let o(q) = q**2 + 7*q. Calculate o(c).
8
Let p(h) = -h + 11. Suppose v - 4 = 5*n + 4*v, 8 = -n + 3*v. Let l be 3/n + 2233/22. Let k be ((-2)/5)/((-5)/l). What is p(k)?
3
Let f(v) = -26*v + 154. Suppose 0 = 1019*r - 973*r - 322. What is f(r)?
-28
Let t be 981/63 + -1 - (-8)/(-14). Let d(b) = -416 - 421 + b + 827. Determine d(t).
4
Let d(b) = 9*b**2 + 43*b + 30. Let h(c) = -8*c**2 - 38*c - 28. Let i(r) = 6*d(r) + 7*h(r). Determine i(-2).
-8
Let b(u) = 8*u + 16. Let i(t) = -3*t - 6. Let s(l) = 4*b(l) + 11*i(l). Let a = 37 - 17. Suppose -40 = -5*p + 5*z, -p + 3*z = p - a. Determine s(p).
-6
Let k(f) = 140*f**3 + 129*f**3 + 5 - 268*f**3 + 2. Let u = 16 + -14. Let p(i) = i - 2. Let x be p(u). Determine k(x).
7
Let z(w) = w + 9. Let t be z(-7). Let k = 247 + -244. Let j(q) = -3*q - 125 + 254 - q**k - 127. Give j(t).
-12
Let v(i) = 57*i + 283. Let r(a) = 11*a + 55. Let x(w) = -31*r(w) + 6*v(w). Let z(k) = -k + 9. Let c be z(9). Let t = 5 - c. What is x(t)?
-2
Let d(p) = 3*p**2 + 3*p - 3. Let r be d(1). Suppose -t - 22 = -r*t. Suppose -f = 5*s - 18 + 57, s + f + t = 0. Let u(j) = -j + 2. Calculate u(s).
9
Let z(w) = -2*w - 51. Let a be z(-21). Let o(s) = -4 + 5*s - s + 42. Let x be o(a). Let b(j) = -j**3 + j**2 + 3*j - 1. Calculate b(x).
1
Let j(t) = 7*t - 197. Let m be j(29). Let q(n) = -n - 4. Let y(f) be the second derivative of -2*f**2 + 5*f. Let z(u) = -4*q(u) + 6*y(u). Determine z(m).
16
Let y(m) = -m - 9. Suppose 2*v = 2*r + v - 3, 0 = 2*r - 2*v - 6. Suppose 0 = -4*j - 4*b - 12, 5*j - 3*b + 55 = -r*b. Determine y(j).
-1
Let y(r) be the third derivative of -r**9/60480 + r**8/4032 - r**6/240 + 13*r**5/20 + r**2 + 13. Let m(o) be the third derivative of y(o). Give m(5).
-3
Suppose 2*q - 3*d + 22 = 0, 6*d = -4*q + 5*d - 44. Let i = -10 - q. Let t(b) = -14*b + 109. Let p(u) = 28*u - 182. Let k(r) = -3*p(r) - 5*t(r). Determine k(i).
-13
Let k(d) = -2*d + 10. Let b(h) = -h + 13. Let x(y) = -3*y + 38. Let t(m) = 11*b(m) - 4*x(m). Let l(q) = 2*k(q) + 3*t(q). Let f be (-2)/1 + (-6)/2. What is l(f)?
-2
Let t(h) = h**2 - 8*h. Let w be 12/5*17/((-867)/(-85)). Determine t(w).
-16
Let r(c) = -c**3 + 4*c**2 + 8*c - 7. Let g = 596 + -603. Let u = 0 + -1. Let q be 6 + g - 6/u. Calculate r(q).
8
Let a(d) = -3*d**3 - 16*d**2 - 101*d - 92. Let k(u) = -u**3 - 5*u**2 - 35*u - 30. Let g(w) = -6*a(w) + 17*k(w). What is g(-10)?
32
Let c(i) = 2*i - 4. Let m = 73 - 52. Let j be 1/1*(-31 - -26) - -11. Suppose -z + m = j*z. Calculate c(z).
2
Suppose -3*z - 8*m + 4*m + 65 = 0, 0 = -m + 2. Suppose 13 = -2*v + z. Let r be v*(-3)/((-54)/(-12)). Let n(u) = 8*u. What is n(r)?
-16
Let t(d) = d - 13. Suppose 0 = 6*j + 10 - 40. Suppose 5*w = -3*o + 43, -3*w + j*w + o - 18 = 0. What is t(w)?
-2
Let b(l) = 2*l**2 - 70*l + 3. Let n = 37 - 2. What is b(n)?
3
Let o(k) be the first derivative of -11*k**3/3 + k**2/2 - 4*k - 2903. Give o(2).
-46
Let n(w) = 14 + 0*w**2 - 5*w**2 + 7*w**2 + 11*w + 9*w - 8*w. What is n(-8)?
46
Let p(a) = -a**3 - a**2 + a - 2. Suppose 6*o = -3*o + 27. Suppose -o*i + 25 + 23 = 0. Let r = 14 - i. Determine p(